{"id":297,"date":"2025-09-16T07:18:41","date_gmt":"2025-09-16T07:18:41","guid":{"rendered":"https:\/\/studionebuleuse.fr\/?page_id=297"},"modified":"2025-09-16T07:19:33","modified_gmt":"2025-09-16T07:19:33","slug":"mentions-legales-studio-nebuleuse","status":"publish","type":"page","link":"https:\/\/studionebuleuse.fr\/?page_id=297","title":{"rendered":"Mentions l\u00e9gales &#8211; Studio N\u00e9buleuse"},"content":{"rendered":"\t\t<div data-elementor-type=\"wp-page\" data-elementor-id=\"297\" class=\"elementor elementor-297\">\n\t\t\t\t<div class=\"elementor-element elementor-element-ecb461e e-flex e-con-boxed e-con e-parent\" data-id=\"ecb461e\" data-element_type=\"container\">\n\t\t\t\t\t<div class=\"e-con-inner\">\n\t\t\t\t<div class=\"elementor-element elementor-element-25e2d34 elementor-widget elementor-widget-text-editor\" data-id=\"25e2d34\" data-element_type=\"widget\" data-widget_type=\"text-editor.default\">\n\t\t\t\t\t\t\t\t\t<h1 data-start=\"135\" data-end=\"177\">Mentions l\u00e9gales \u2014 Studio N\u00e9buleuse<\/h1><p data-start=\"179\" data-end=\"448\">Conform\u00e9ment aux dispositions de la loi n\u00b02004-575 du 21 juin 2004 pour la confiance dans l\u2019\u00e9conomie num\u00e9rique (LCEN), il est pr\u00e9cis\u00e9 aux utilisateurs du site <strong data-start=\"338\" data-end=\"358\">Studio N\u00e9buleuse<\/strong> l\u2019identit\u00e9 des diff\u00e9rents intervenants dans le cadre de sa r\u00e9alisation et de son suivi.<\/p><hr data-start=\"450\" data-end=\"453\" \/><h2 data-start=\"455\" data-end=\"475\">\u00c9diteur du site<\/h2><p data-start=\"476\" data-end=\"754\"><strong data-start=\"476\" data-end=\"496\">Studio N\u00e9buleuse<\/strong><br data-start=\"496\" data-end=\"499\" \/>Propri\u00e9taire : Am\u00e9lie Didio<br data-start=\"526\" data-end=\"529\" \/>Statut : Entrepreneur individuel \/ micro-entreprise<br data-start=\"580\" data-end=\"583\" \/>Adresse du si\u00e8ge social : 30 La Grande Rue, 76450 Saint-Martin-aux-Buneaux<br data-start=\"657\" data-end=\"660\" \/>SIRET : 983 989 914 00012<br data-start=\"685\" data-end=\"688\" \/>E-mail : <a class=\"decorated-link cursor-pointer\" rel=\"noopener\" data-start=\"697\" data-end=\"723\">contact@studionebuleuse.fr<\/a><br data-start=\"723\" data-end=\"726\" \/>T\u00e9l\u00e9phone : 06 08 69 26 85<\/p><hr data-start=\"756\" data-end=\"759\" \/><h2 data-start=\"761\" data-end=\"777\">H\u00e9bergement<\/h2><p data-start=\"778\" data-end=\"915\">Le site est h\u00e9berg\u00e9 par :<br data-start=\"803\" data-end=\"806\" \/><strong data-start=\"806\" data-end=\"813\">OVH<\/strong><br data-start=\"813\" data-end=\"816\" \/>Adresse : 2 rue Kellermann, 59100 Roubaix, France<br data-start=\"865\" data-end=\"868\" \/>Site web : <a class=\"decorated-link cursor-pointer\" target=\"_new\" rel=\"noopener\" data-start=\"879\" data-end=\"913\">www.ovh.com<\/a><\/p><hr data-start=\"917\" data-end=\"920\" \/><h2 data-start=\"922\" data-end=\"951\">Propri\u00e9t\u00e9 intellectuelle<\/h2><p data-start=\"952\" data-end=\"1263\">L\u2019ensemble des \u00e9l\u00e9ments (textes, images, graphismes, logo, vid\u00e9os, ic\u00f4nes, sons, logiciels\u2026) pr\u00e9sents sur le site <strong data-start=\"1066\" data-end=\"1086\">Studio N\u00e9buleuse<\/strong> est prot\u00e9g\u00e9 par les dispositions du Code de la propri\u00e9t\u00e9 intellectuelle et ne peut \u00eatre reproduit, utilis\u00e9 ou exploit\u00e9 sans autorisation pr\u00e9alable \u00e9crite de son propri\u00e9taire.<\/p><hr data-start=\"1265\" data-end=\"1268\" \/><h2 data-start=\"1270\" data-end=\"1295\">Donn\u00e9es personnelles<\/h2><p data-start=\"1296\" data-end=\"1370\">Conform\u00e9ment au R\u00e8glement G\u00e9n\u00e9ral sur la Protection des Donn\u00e9es (RGPD) :<\/p><ul data-start=\"1371\" data-end=\"1742\"><li data-start=\"1371\" data-end=\"1522\"><p data-start=\"1373\" data-end=\"1522\">Les informations recueillies via les formulaires du site sont uniquement destin\u00e9es \u00e0 r\u00e9pondre \u00e0 vos demandes et \u00e0 assurer le suivi des prestations.<\/p><\/li><li data-start=\"1523\" data-end=\"1601\"><p data-start=\"1525\" data-end=\"1601\">Elles ne sont en aucun cas transmises \u00e0 des tiers sans votre consentement.<\/p><\/li><li data-start=\"1602\" data-end=\"1742\"><p data-start=\"1604\" data-end=\"1742\">Vous disposez d\u2019un droit d\u2019acc\u00e8s, de rectification et de suppression de vos donn\u00e9es en adressant un mail \u00e0 : <a class=\"decorated-link cursor-pointer\" rel=\"noopener\" data-start=\"1713\" data-end=\"1739\">contact@studionebuleuse.fr<\/a>.<\/p><\/li><\/ul><hr data-start=\"1744\" data-end=\"1747\" \/><h2 data-start=\"1749\" data-end=\"1768\">Responsabilit\u00e9<\/h2><p data-start=\"1769\" data-end=\"2036\"><strong data-start=\"1769\" data-end=\"1789\">Studio N\u00e9buleuse<\/strong> s\u2019efforce de fournir des informations fiables et mises \u00e0 jour sur le site. Toutefois, des erreurs ou omissions peuvent survenir.<br data-start=\"1918\" data-end=\"1921\" \/>L\u2019utilisateur est invit\u00e9 \u00e0 v\u00e9rifier l\u2019exactitude des informations et \u00e0 signaler toute erreur via la page contact.<\/p>\t\t\t\t\t\t\t\t<\/div>\n\t\t\t\t\t<\/div>\n\t\t\t\t<\/div>\n\t\t\t\t<\/div>\n\t\t","protected":false},"excerpt":{"rendered":"<p>Mentions l\u00e9gales \u2014 Studio N\u00e9buleuse Conform\u00e9ment aux dispositions de la loi n\u00b02004-575 du 21 juin 2004 pour la confiance dans [&hellip;]<\/p>\n","protected":false},"author":1,"featured_media":0,"parent":0,"menu_order":0,"comment_status":"closed","ping_status":"closed","template":"elementor_header_footer","meta":{"site-sidebar-layout":"no-sidebar","site-content-layout":"","ast-site-content-layout":"full-width-container","site-content-style":"default","site-sidebar-style":"default","ast-global-header-display":"","ast-banner-title-visibility":"","ast-main-header-display":"","ast-hfb-above-header-display":"","ast-hfb-below-header-display":"","ast-hfb-mobile-header-display":"","site-post-title":"","ast-breadcrumbs-content":"","ast-featured-img":"disabled","footer-sml-layout":"","theme-transparent-header-meta":"","adv-header-id-meta":"","stick-header-meta":"","header-above-stick-meta":"","header-main-stick-meta":"","header-below-stick-meta":"","astra-migrate-meta-layouts":"default","ast-page-background-enabled":"default","ast-page-background-meta":{"desktop":{"background-color":"var(--ast-global-color-5)","background-image":"","background-repeat":"repeat","background-position":"center center","background-size":"auto","background-attachment":"scroll","background-type":"","background-media":"","overlay-type":"","overlay-color":"","overlay-opacity":"","overlay-gradient":""},"tablet":{"background-color":"","background-image":"","background-repeat":"repeat","background-position":"center center","background-size":"auto","background-attachment":"scroll","background-type":"","background-media":"","overlay-type":"","overlay-color":"","overlay-opacity":"","overlay-gradient":""},"mobile":{"background-color":"","background-image":"","background-repeat":"repeat","background-position":"center center","background-size":"auto","background-attachment":"scroll","background-type":"","background-media":"","overlay-type":"","overlay-color":"","overlay-opacity":"","overlay-gradient":""}},"ast-content-background-meta":{"desktop":{"background-color":"var(--ast-global-color-4)","background-image":"","background-repeat":"repeat","background-position":"center center","background-size":"auto","background-attachment":"scroll","background-type":"","background-media":"","overlay-type":"","overlay-color":"","overlay-opacity":"","overlay-gradient":""},"tablet":{"background-color":"var(--ast-global-color-4)","background-image":"","background-repeat":"repeat","background-position":"center center","background-size":"auto","background-attachment":"scroll","background-type":"","background-media":"","overlay-type":"","overlay-color":"","overlay-opacity":"","overlay-gradient":""},"mobile":{"background-color":"var(--ast-global-color-4)","background-image":"","background-repeat":"repeat","background-position":"center center","background-size":"auto","background-attachment":"scroll","background-type":"","background-media":"","overlay-type":"","overlay-color":"","overlay-opacity":"","overlay-gradient":""}},"footnotes":""},"class_list":["post-297","page","type-page","status-publish","hentry"],"yoast_head":"<!-- This site is optimized with the Yoast SEO plugin v26.5 - https:\/\/yoast.com\/wordpress\/plugins\/seo\/ -->\n<title>Mentions l\u00e9gales - Studio N\u00e9buleuse - Studio N\u00e9buleuse<\/title>\n<meta name=\"robots\" content=\"index, follow, max-snippet:-1, max-image-preview:large, max-video-preview:-1\" \/>\n<link rel=\"canonical\" href=\"https:\/\/studionebuleuse.fr\/?page_id=297\" \/>\n<meta property=\"og:locale\" content=\"fr_FR\" \/>\n<meta property=\"og:type\" content=\"article\" \/>\n<meta property=\"og:title\" content=\"Mentions l\u00e9gales - Studio N\u00e9buleuse - Studio N\u00e9buleuse\" \/>\n<meta property=\"og:description\" content=\"Mentions l\u00e9gales \u2014 Studio N\u00e9buleuse Conform\u00e9ment aux dispositions de la loi n\u00b02004-575 du 21 juin 2004 pour la confiance dans [&hellip;]\" \/>\n<meta property=\"og:url\" content=\"https:\/\/studionebuleuse.fr\/?page_id=297\" \/>\n<meta property=\"og:site_name\" content=\"Studio N\u00e9buleuse\" \/>\n<meta property=\"article:modified_time\" content=\"2025-09-16T07:19:33+00:00\" \/>\n<meta name=\"twitter:card\" content=\"summary_large_image\" \/>\n<meta name=\"twitter:label1\" content=\"Dur\u00e9e de lecture estim\u00e9e\" \/>\n\t<meta name=\"twitter:data1\" content=\"2 minutes\" \/>\n<script type=\"application\/ld+json\" class=\"yoast-schema-graph\">{\"@context\":\"https:\/\/schema.org\",\"@graph\":[{\"@type\":\"WebPage\",\"@id\":\"https:\/\/studionebuleuse.fr\/?page_id=297\",\"url\":\"https:\/\/studionebuleuse.fr\/?page_id=297\",\"name\":\"Mentions l\u00e9gales - Studio N\u00e9buleuse - Studio N\u00e9buleuse\",\"isPartOf\":{\"@id\":\"https:\/\/studionebuleuse.fr\/#website\"},\"datePublished\":\"2025-09-16T07:18:41+00:00\",\"dateModified\":\"2025-09-16T07:19:33+00:00\",\"breadcrumb\":{\"@id\":\"https:\/\/studionebuleuse.fr\/?page_id=297#breadcrumb\"},\"inLanguage\":\"fr-FR\",\"potentialAction\":[{\"@type\":\"ReadAction\",\"target\":[\"https:\/\/studionebuleuse.fr\/?page_id=297\"]}]},{\"@type\":\"BreadcrumbList\",\"@id\":\"https:\/\/studionebuleuse.fr\/?page_id=297#breadcrumb\",\"itemListElement\":[{\"@type\":\"ListItem\",\"position\":1,\"name\":\"Accueil\",\"item\":\"https:\/\/studionebuleuse.fr\/\"},{\"@type\":\"ListItem\",\"position\":2,\"name\":\"Mentions l\u00e9gales &#8211; Studio N\u00e9buleuse\"}]},{\"@type\":\"WebSite\",\"@id\":\"https:\/\/studionebuleuse.fr\/#website\",\"url\":\"https:\/\/studionebuleuse.fr\/\",\"name\":\"Studio N\u00e9buleuse\",\"description\":\"\",\"publisher\":{\"@id\":\"https:\/\/studionebuleuse.fr\/#organization\"},\"potentialAction\":[{\"@type\":\"SearchAction\",\"target\":{\"@type\":\"EntryPoint\",\"urlTemplate\":\"https:\/\/studionebuleuse.fr\/?s={search_term_string}\"},\"query-input\":{\"@type\":\"PropertyValueSpecification\",\"valueRequired\":true,\"valueName\":\"search_term_string\"}}],\"inLanguage\":\"fr-FR\"},{\"@type\":\"Organization\",\"@id\":\"https:\/\/studionebuleuse.fr\/#organization\",\"name\":\"Studio N\u00e9buleuse\",\"url\":\"https:\/\/studionebuleuse.fr\/\",\"logo\":{\"@type\":\"ImageObject\",\"inLanguage\":\"fr-FR\",\"@id\":\"https:\/\/studionebuleuse.fr\/#\/schema\/logo\/image\/\",\"url\":\"https:\/\/studionebuleuse.fr\/wp-content\/uploads\/2025\/09\/cropped-logo-vert-fonce.png\",\"contentUrl\":\"https:\/\/studionebuleuse.fr\/wp-content\/uploads\/2025\/09\/cropped-logo-vert-fonce.png\",\"width\":1055,\"height\":566,\"caption\":\"Studio N\u00e9buleuse\"},\"image\":{\"@id\":\"https:\/\/studionebuleuse.fr\/#\/schema\/logo\/image\/\"}}]}<\/script>\n<!-- \/ Yoast SEO plugin. -->","yoast_head_json":{"title":"Mentions l\u00e9gales - Studio N\u00e9buleuse - Studio N\u00e9buleuse","robots":{"index":"index","follow":"follow","max-snippet":"max-snippet:-1","max-image-preview":"max-image-preview:large","max-video-preview":"max-video-preview:-1"},"canonical":"https:\/\/studionebuleuse.fr\/?page_id=297","og_locale":"fr_FR","og_type":"article","og_title":"Mentions l\u00e9gales - Studio N\u00e9buleuse - Studio N\u00e9buleuse","og_description":"Mentions l\u00e9gales \u2014 Studio N\u00e9buleuse Conform\u00e9ment aux dispositions de la loi n\u00b02004-575 du 21 juin 2004 pour la confiance dans [&hellip;]","og_url":"https:\/\/studionebuleuse.fr\/?page_id=297","og_site_name":"Studio N\u00e9buleuse","article_modified_time":"2025-09-16T07:19:33+00:00","twitter_card":"summary_large_image","twitter_misc":{"Dur\u00e9e de lecture estim\u00e9e":"2 minutes"},"schema":{"@context":"https:\/\/schema.org","@graph":[{"@type":"WebPage","@id":"https:\/\/studionebuleuse.fr\/?page_id=297","url":"https:\/\/studionebuleuse.fr\/?page_id=297","name":"Mentions l\u00e9gales - Studio N\u00e9buleuse - Studio N\u00e9buleuse","isPartOf":{"@id":"https:\/\/studionebuleuse.fr\/#website"},"datePublished":"2025-09-16T07:18:41+00:00","dateModified":"2025-09-16T07:19:33+00:00","breadcrumb":{"@id":"https:\/\/studionebuleuse.fr\/?page_id=297#breadcrumb"},"inLanguage":"fr-FR","potentialAction":[{"@type":"ReadAction","target":["https:\/\/studionebuleuse.fr\/?page_id=297"]}]},{"@type":"BreadcrumbList","@id":"https:\/\/studionebuleuse.fr\/?page_id=297#breadcrumb","itemListElement":[{"@type":"ListItem","position":1,"name":"Accueil","item":"https:\/\/studionebuleuse.fr\/"},{"@type":"ListItem","position":2,"name":"Mentions l\u00e9gales &#8211; Studio N\u00e9buleuse"}]},{"@type":"WebSite","@id":"https:\/\/studionebuleuse.fr\/#website","url":"https:\/\/studionebuleuse.fr\/","name":"Studio N\u00e9buleuse","description":"","publisher":{"@id":"https:\/\/studionebuleuse.fr\/#organization"},"potentialAction":[{"@type":"SearchAction","target":{"@type":"EntryPoint","urlTemplate":"https:\/\/studionebuleuse.fr\/?s={search_term_string}"},"query-input":{"@type":"PropertyValueSpecification","valueRequired":true,"valueName":"search_term_string"}}],"inLanguage":"fr-FR"},{"@type":"Organization","@id":"https:\/\/studionebuleuse.fr\/#organization","name":"Studio N\u00e9buleuse","url":"https:\/\/studionebuleuse.fr\/","logo":{"@type":"ImageObject","inLanguage":"fr-FR","@id":"https:\/\/studionebuleuse.fr\/#\/schema\/logo\/image\/","url":"https:\/\/studionebuleuse.fr\/wp-content\/uploads\/2025\/09\/cropped-logo-vert-fonce.png","contentUrl":"https:\/\/studionebuleuse.fr\/wp-content\/uploads\/2025\/09\/cropped-logo-vert-fonce.png","width":1055,"height":566,"caption":"Studio N\u00e9buleuse"},"image":{"@id":"https:\/\/studionebuleuse.fr\/#\/schema\/logo\/image\/"}}]}},"_links":{"self":[{"href":"https:\/\/studionebuleuse.fr\/index.php?rest_route=\/wp\/v2\/pages\/297","targetHints":{"allow":["GET"]}}],"collection":[{"href":"https:\/\/studionebuleuse.fr\/index.php?rest_route=\/wp\/v2\/pages"}],"about":[{"href":"https:\/\/studionebuleuse.fr\/index.php?rest_route=\/wp\/v2\/types\/page"}],"author":[{"embeddable":true,"href":"https:\/\/studionebuleuse.fr\/index.php?rest_route=\/wp\/v2\/users\/1"}],"replies":[{"embeddable":true,"href":"https:\/\/studionebuleuse.fr\/index.php?rest_route=%2Fwp%2Fv2%2Fcomments&post=297"}],"version-history":[{"count":7,"href":"https:\/\/studionebuleuse.fr\/index.php?rest_route=\/wp\/v2\/pages\/297\/revisions"}],"predecessor-version":[{"id":304,"href":"https:\/\/studionebuleuse.fr\/index.php?rest_route=\/wp\/v2\/pages\/297\/revisions\/304"}],"wp:attachment":[{"href":"https:\/\/studionebuleuse.fr\/index.php?rest_route=%2Fwp%2Fv2%2Fmedia&parent=297"}],"curies":[{"name":"wp","href":"https:\/\/api.w.org\/{rel}","templated":true}]}}